{"id":8275,"date":"2024-09-17T18:38:20","date_gmt":"2024-09-17T18:38:20","guid":{"rendered":"https:\/\/marlene-bhv.de\/?page_id=8275"},"modified":"2024-11-06T19:43:19","modified_gmt":"2024-11-06T19:43:19","slug":"speisekarte","status":"publish","type":"page","link":"https:\/\/marlene-bhv.de\/index.php\/speisekarte\/","title":{"rendered":"Speisekarte"},"content":{"rendered":"<div class=\"wpb-content-wrapper\"><p>[vc_row][vc_column]\n\t\t\t\t<p class=\"rs-p-wp-fix\"><\/p>\n\t\t\t\t<sr7-module data-alias=\"slider-1\" data-id=\"1\" id=\"SR7_1_1\" class=\"rs-ov-hidden\" data-version=\"6.7.38\">\n\t\t\t\t\t<sr7-adjuster><\/sr7-adjuster>\n\t\t\t\t\t<sr7-content>\n\t\t\t\t\t\t<sr7-slide id=\"SR7_1_1-1\" data-key=\"1\">\n\t\t\t\t\t\t<\/sr7-slide>\n\t\t\t\t\t\t<sr7-slide id=\"SR7_1_1-6\" data-key=\"6\">\n\t\t\t\t\t\t<\/sr7-slide>\n\t\t\t\t\t\t<sr7-slide id=\"SR7_1_1-2\" data-key=\"2\">\n\t\t\t\t\t\t<\/sr7-slide>\n\t\t\t\t\t<\/sr7-content>\n\t\t\t\t\t<image_lists style=\"display:none\">\n\t\t\t\t\t\t<img data-src=\"\/\/marlene-bhv.de\/wp-content\/uploads\/2024\/09\/Marlene-Bar.jpg\" data-libid=\"8273\" data-lib=\"medialibrary\" title=\"Marlene Bar\" width=\"0\" height=\"0\" data-dbsrc=\"Ly9tYXJsZW5lLWJodi5kZS93cC1jb250ZW50L3VwbG9hZHMvMjAyNC8wOS9NYXJsZW5lLUJhci5qcGc=\"\/>\n\t\t\t\t\t\t<img data-src=\"\/\/marlene-bhv.de\/wp-content\/uploads\/2024\/09\/cropped-Logo-Marlene-e1726574884645.gif\" data-libid=\"7605\" data-lib=\"medialibrary\" title=\"cropped-Logo-Marlene.gif\" width=\"0\" height=\"0\" data-dbsrc=\"Ly9tYXJsZW5lLWJodi5kZS93cC1jb250ZW50L3VwbG9hZHMvMjAyNC8wOS9jcm9wcGVkLUxvZ28tTWFybGVuZS1lMTcyNjU3NDg4NDY0NS5naWY=\"\/>\n\t\t\t\t\t\t<img data-src=\"\/\/marlene-bhv.de\/wp-content\/uploads\/2024\/09\/Marlene-Bar-02.jpg\" data-libid=\"8274\" data-lib=\"medialibrary\" title=\"Marlene Bar 02\" width=\"0\" height=\"0\" data-dbsrc=\"Ly9tYXJsZW5lLWJodi5kZS93cC1jb250ZW50L3VwbG9hZHMvMjAyNC8wOS9NYXJsZW5lLUJhci0wMi5qcGc=\"\/>\n\t\t\t\t\t<\/image_lists>\n\t\t\t\t<\/sr7-module>\n\t\t\t\t<script>\n\t\t\t\t\tSR7.PMH ??={}; SR7.PMH[\"SR7_1_1\"] = {cn:100,state:false,fn: function() { if (_tpt!==undefined && _tpt.prepareModuleHeight !== undefined) {  _tpt.prepareModuleHeight({id:\"SR7_1_1\",el:[450,450,768,960,720],type:'standard',shdw:'0',gh:[450,450,288,219,135],gw:[1600,1600,1024,778,480],vpt:['100px'],size:{fullWidth:true, fullHeight:false},mh:'0',onh:0,onw:0,bg:{color:'{\"orig\":\"transparent\",\"type\":\"solid\",\"string\":\"transparent\"}'}});   SR7.PMH[\"SR7_1_1\"].state=true;} else if(SR7.PMH[\"SR7_1_1\"].cn-->0)\tsetTimeout( SR7.PMH[\"SR7_1_1\"].fn,19);}};SR7.PMH[\"SR7_1_1\" ].fn();\n\t\t\t\t<\/script>\n<div class=\"ult-spacer spacer-69fb037636c60\" data-id=\"69fb037636c60\" data-height=\"10\" data-height-mobile=\"10\" data-height-tab=\"10\" data-height-tab-portrait=\"\" data-height-mobile-landscape=\"\" style=\"clear:both;display:block;\"><\/div>[\/vc_column][\/vc_row][vc_row][vc_column][vc_custom_heading text=&#8220;Willkommen zu unserer Speisekarte&#8220; font_container=&#8220;tag:h2|text_align:center|color:%237d3e67&#8243; google_fonts=&#8220;font_family:Abel%3Aregular|font_style:400%20regular%3A400%3Anormal&#8220; css=&#8220;&#8220;][\/vc_column][\/vc_row][vc_row][vc_column][vc_column_text css=&#8220;&#8220;]<\/p>\n<p style=\"text-align: center;\">Entdecken Sie die Vielfalt unserer K\u00fcche!<br \/>\nMit Liebe zum Detail und Leidenschaft f\u00fcr frische Zutaten bieten wir Ihnen<br \/>\neine Auswahl an k\u00f6stlichen Gerichten, die jeden Geschmack begeistern.<br \/>\nOb traditionelle Klassiker oder moderne Kreationen \u2013 bei uns findet jeder das passende Gericht.<\/p>\n<p style=\"text-align: center;\">Wir legen gro\u00dfen Wert auf Qualit\u00e4t und Regionalit\u00e4t, um Ihnen stets das Beste zu servieren.<br \/>\nLassen Sie sich von unserer kulinarischen Vielfalt inspirieren und genie\u00dfen Sie unvergessliche Momente bei uns.<\/p>\n<p style=\"text-align: center;\">Guten Appetit!<\/p>\n<p>[\/vc_column_text][vc_separator][\/vc_column][\/vc_row][vc_row][vc_column][vc_column_text css=&#8220;&#8220;]<div class=\"_df_book df-lite\" id=\"df_8417\"  _slug=\"marlene-speisekarte-2024\" data-title=\"marlene-speisekarte-2024\" wpoptions=\"true\" thumbtype=\"\" ><\/div><script class=\"df-shortcode-script\" nowprocket type=\"application\/javascript\">window.option_df_8417 = {\"outline\":[],\"backgroundColor\":\"#ffffff\",\"autoEnableOutline\":\"false\",\"autoEnableThumbnail\":\"false\",\"overwritePDFOutline\":\"false\",\"direction\":\"1\",\"pageSize\":\"0\",\"source\":\"https:\\\/\\\/marlene-bhv.de\\\/wp-content\\\/uploads\\\/2024\\\/11\\\/Marlene-WEB.pdf\",\"wpOptions\":\"true\"}; if(window.DFLIP && window.DFLIP.parseBooks){window.DFLIP.parseBooks();}<\/script>[\/vc_column_text][\/vc_column][\/vc_row][vc_row][vc_column][vc_column_text css=&#8220;&#8220;]<\/p>\n<p style=\"text-align: center;\">Hier k\u00f6nnen Sie unsere Speisekarte als PDF herunterladen:<\/p>\n<p>[\/vc_column_text]<style type=\"text\/css\" data-type=\"the7_shortcodes-inline-css\">#default-btn-9294b6b2271d9c55d2248a3d93e4e494.ico-right-side > i {\n  margin-right: 0px;\n  margin-left: 8px;\n}\n#default-btn-9294b6b2271d9c55d2248a3d93e4e494 > i {\n  margin-right: 8px;\n}<\/style><div class=\"btn-align-center\"><a href=\"https:\/\/marlene-bhv.de\/wp-content\/uploads\/2024\/11\/Marlene-WEB.pdf\" class=\"default-btn-shortcode dt-btn dt-btn-m link-hover-off \" target=\"_blank\" id=\"default-btn-9294b6b2271d9c55d2248a3d93e4e494\" rel=\"noopener\"><span>Speisekarte<\/span><\/a><\/div>[\/vc_column][\/vc_row]<\/p>\n<\/div>","protected":false},"excerpt":{"rendered":"<p>[vc_row][vc_column][\/vc_column][\/vc_row][vc_row][vc_column][vc_custom_heading text=&#8220;Willkommen zu unserer Speisekarte&#8220; font_container=&#8220;tag:h2|text_align:center|color:%237d3e67&#8243; google_fonts=&#8220;font_family:Abel%3Aregular|font_style:400%20regular%3A400%3Anormal&#8220; css=&#8220;&#8220;][\/vc_column][\/vc_row][vc_row][vc_column][vc_column_text css=&#8220;&#8220;] Entdecken Sie die Vielfalt unserer K\u00fcche! Mit Liebe zum Detail und Leidenschaft f\u00fcr frische Zutaten bieten wir Ihnen eine Auswahl an k\u00f6stlichen Gerichten, die jeden Geschmack begeistern. Ob traditionelle Klassiker oder moderne Kreationen \u2013 bei uns findet jeder das passende Gericht. Wir legen gro\u00dfen Wert auf&hellip;<\/p>\n","protected":false},"author":1,"featured_media":0,"parent":0,"menu_order":0,"comment_status":"closed","ping_status":"closed","template":"","meta":{"footnotes":""},"class_list":["post-8275","page","type-page","status-publish","hentry","description-off"],"yoast_head":"<!-- This site is optimized with the Yoast SEO plugin v27.5 - https:\/\/yoast.com\/product\/yoast-seo-wordpress\/ -->\n<title>Speisekarte - Marlene Bremerhaven am Stadttheater<\/title>\n<meta name=\"robots\" content=\"index, follow, max-snippet:-1, max-image-preview:large, max-video-preview:-1\" \/>\n<link rel=\"canonical\" href=\"https:\/\/marlene-bhv.de\/index.php\/speisekarte\/\" \/>\n<meta property=\"og:locale\" content=\"de_DE\" \/>\n<meta property=\"og:type\" content=\"article\" \/>\n<meta property=\"og:title\" content=\"Speisekarte - Marlene Bremerhaven am Stadttheater\" \/>\n<meta property=\"og:description\" content=\"[vc_row][vc_column][\/vc_column][\/vc_row][vc_row][vc_column][vc_custom_heading text=&#8220;Willkommen zu unserer Speisekarte&#8220; font_container=&#8220;tag:h2|text_align:center|color:%237d3e67&#8243; google_fonts=&#8220;font_family:Abel%3Aregular|font_style:400%20regular%3A400%3Anormal&#8220; css=&#8220;&#8220;][\/vc_column][\/vc_row][vc_row][vc_column][vc_column_text css=&#8220;&#8220;] Entdecken Sie die Vielfalt unserer K\u00fcche! Mit Liebe zum Detail und Leidenschaft f\u00fcr frische Zutaten bieten wir Ihnen eine Auswahl an k\u00f6stlichen Gerichten, die jeden Geschmack begeistern. Ob traditionelle Klassiker oder moderne Kreationen \u2013 bei uns findet jeder das passende Gericht. Wir legen gro\u00dfen Wert auf&hellip;\" \/>\n<meta property=\"og:url\" content=\"https:\/\/marlene-bhv.de\/index.php\/speisekarte\/\" \/>\n<meta property=\"og:site_name\" content=\"Marlene Bremerhaven am Stadttheater\" \/>\n<meta property=\"article:modified_time\" content=\"2024-11-06T19:43:19+00:00\" \/>\n<meta name=\"twitter:card\" content=\"summary_large_image\" \/>\n<meta name=\"twitter:label1\" content=\"Gesch\u00e4tzte Lesezeit\" \/>\n\t<meta name=\"twitter:data1\" content=\"1\u00a0Minute\" \/>\n<script type=\"application\/ld+json\" class=\"yoast-schema-graph\">{\"@context\":\"https:\\\/\\\/schema.org\",\"@graph\":[{\"@type\":\"WebPage\",\"@id\":\"https:\\\/\\\/marlene-bhv.de\\\/index.php\\\/speisekarte\\\/\",\"url\":\"https:\\\/\\\/marlene-bhv.de\\\/index.php\\\/speisekarte\\\/\",\"name\":\"Speisekarte - Marlene Bremerhaven am Stadttheater\",\"isPartOf\":{\"@id\":\"https:\\\/\\\/marlene-bhv.de\\\/#website\"},\"datePublished\":\"2024-09-17T18:38:20+00:00\",\"dateModified\":\"2024-11-06T19:43:19+00:00\",\"breadcrumb\":{\"@id\":\"https:\\\/\\\/marlene-bhv.de\\\/index.php\\\/speisekarte\\\/#breadcrumb\"},\"inLanguage\":\"de\",\"potentialAction\":[{\"@type\":\"ReadAction\",\"target\":[\"https:\\\/\\\/marlene-bhv.de\\\/index.php\\\/speisekarte\\\/\"]}]},{\"@type\":\"BreadcrumbList\",\"@id\":\"https:\\\/\\\/marlene-bhv.de\\\/index.php\\\/speisekarte\\\/#breadcrumb\",\"itemListElement\":[{\"@type\":\"ListItem\",\"position\":1,\"name\":\"Startseite\",\"item\":\"https:\\\/\\\/marlene-bhv.de\\\/\"},{\"@type\":\"ListItem\",\"position\":2,\"name\":\"Speisekarte\"}]},{\"@type\":\"WebSite\",\"@id\":\"https:\\\/\\\/marlene-bhv.de\\\/#website\",\"url\":\"https:\\\/\\\/marlene-bhv.de\\\/\",\"name\":\"Marlene Bremerhaven am Stadttheater\",\"description\":\"Steaks | Pizza | Pasta | Cocktailbar\",\"potentialAction\":[{\"@type\":\"SearchAction\",\"target\":{\"@type\":\"EntryPoint\",\"urlTemplate\":\"https:\\\/\\\/marlene-bhv.de\\\/?s={search_term_string}\"},\"query-input\":{\"@type\":\"PropertyValueSpecification\",\"valueRequired\":true,\"valueName\":\"search_term_string\"}}],\"inLanguage\":\"de\"}]}<\/script>\n<!-- \/ Yoast SEO plugin. -->","yoast_head_json":{"title":"Speisekarte - Marlene Bremerhaven am Stadttheater","robots":{"index":"index","follow":"follow","max-snippet":"max-snippet:-1","max-image-preview":"max-image-preview:large","max-video-preview":"max-video-preview:-1"},"canonical":"https:\/\/marlene-bhv.de\/index.php\/speisekarte\/","og_locale":"de_DE","og_type":"article","og_title":"Speisekarte - Marlene Bremerhaven am Stadttheater","og_description":"[vc_row][vc_column][\/vc_column][\/vc_row][vc_row][vc_column][vc_custom_heading text=&#8220;Willkommen zu unserer Speisekarte&#8220; font_container=&#8220;tag:h2|text_align:center|color:%237d3e67&#8243; google_fonts=&#8220;font_family:Abel%3Aregular|font_style:400%20regular%3A400%3Anormal&#8220; css=&#8220;&#8220;][\/vc_column][\/vc_row][vc_row][vc_column][vc_column_text css=&#8220;&#8220;] Entdecken Sie die Vielfalt unserer K\u00fcche! Mit Liebe zum Detail und Leidenschaft f\u00fcr frische Zutaten bieten wir Ihnen eine Auswahl an k\u00f6stlichen Gerichten, die jeden Geschmack begeistern. Ob traditionelle Klassiker oder moderne Kreationen \u2013 bei uns findet jeder das passende Gericht. Wir legen gro\u00dfen Wert auf&hellip;","og_url":"https:\/\/marlene-bhv.de\/index.php\/speisekarte\/","og_site_name":"Marlene Bremerhaven am Stadttheater","article_modified_time":"2024-11-06T19:43:19+00:00","twitter_card":"summary_large_image","twitter_misc":{"Gesch\u00e4tzte Lesezeit":"1\u00a0Minute"},"schema":{"@context":"https:\/\/schema.org","@graph":[{"@type":"WebPage","@id":"https:\/\/marlene-bhv.de\/index.php\/speisekarte\/","url":"https:\/\/marlene-bhv.de\/index.php\/speisekarte\/","name":"Speisekarte - Marlene Bremerhaven am Stadttheater","isPartOf":{"@id":"https:\/\/marlene-bhv.de\/#website"},"datePublished":"2024-09-17T18:38:20+00:00","dateModified":"2024-11-06T19:43:19+00:00","breadcrumb":{"@id":"https:\/\/marlene-bhv.de\/index.php\/speisekarte\/#breadcrumb"},"inLanguage":"de","potentialAction":[{"@type":"ReadAction","target":["https:\/\/marlene-bhv.de\/index.php\/speisekarte\/"]}]},{"@type":"BreadcrumbList","@id":"https:\/\/marlene-bhv.de\/index.php\/speisekarte\/#breadcrumb","itemListElement":[{"@type":"ListItem","position":1,"name":"Startseite","item":"https:\/\/marlene-bhv.de\/"},{"@type":"ListItem","position":2,"name":"Speisekarte"}]},{"@type":"WebSite","@id":"https:\/\/marlene-bhv.de\/#website","url":"https:\/\/marlene-bhv.de\/","name":"Marlene Bremerhaven am Stadttheater","description":"Steaks | Pizza | Pasta | Cocktailbar","potentialAction":[{"@type":"SearchAction","target":{"@type":"EntryPoint","urlTemplate":"https:\/\/marlene-bhv.de\/?s={search_term_string}"},"query-input":{"@type":"PropertyValueSpecification","valueRequired":true,"valueName":"search_term_string"}}],"inLanguage":"de"}]}},"_links":{"self":[{"href":"https:\/\/marlene-bhv.de\/index.php\/wp-json\/wp\/v2\/pages\/8275","targetHints":{"allow":["GET"]}}],"collection":[{"href":"https:\/\/marlene-bhv.de\/index.php\/wp-json\/wp\/v2\/pages"}],"about":[{"href":"https:\/\/marlene-bhv.de\/index.php\/wp-json\/wp\/v2\/types\/page"}],"author":[{"embeddable":true,"href":"https:\/\/marlene-bhv.de\/index.php\/wp-json\/wp\/v2\/users\/1"}],"replies":[{"embeddable":true,"href":"https:\/\/marlene-bhv.de\/index.php\/wp-json\/wp\/v2\/comments?post=8275"}],"version-history":[{"count":14,"href":"https:\/\/marlene-bhv.de\/index.php\/wp-json\/wp\/v2\/pages\/8275\/revisions"}],"predecessor-version":[{"id":8437,"href":"https:\/\/marlene-bhv.de\/index.php\/wp-json\/wp\/v2\/pages\/8275\/revisions\/8437"}],"wp:attachment":[{"href":"https:\/\/marlene-bhv.de\/index.php\/wp-json\/wp\/v2\/media?parent=8275"}],"curies":[{"name":"wp","href":"https:\/\/api.w.org\/{rel}","templated":true}]}}